j(h)?
4
Let t = -2306 + 4247. What is the tens digit of t?
4
Suppose 3*d + y = 519, -d - 3*d - 2*y = -690. What is the hundreds digit of d - (4 + -5 + 2)?
1
Let p(a) = -a**3 + 4*a**2 + 6*a - 4. Suppose f - d = -4*d + 35, 0 = 3*f - 4*d - 40. Suppose f = 6*n - n. What is the units digit of p(n)?
0
Suppose -13*z - 5*z = -918. Suppose -39 = -5*s + 2*k + 24, -k = 5*s - z. What is the tens digit of s?
1
Suppose 40 - 36 = 2*o. Suppose 0 = 16*c - o*c - 2016. What is the tens digit of c?
4
Suppose 7*z + 21 = 4*z. Let h(p) = 2*p**2 - 3*p - 2. What is the units digit of h(z)?
7
Let n be (16/20)/((-19)/5 - -4). What is the tens digit of ((-127)/(-4) - 1)*n?
2
Suppose 5*r - 146 = -4*q, -2*r + 3*r = 3*q + 33. Suppose 0 = -2*c - r + 58. What is the units digit of c?
4
Let z be 11*(-2 + 7 + -4). Let g = 78 - z. Suppose q - 4*q + 152 = 5*o, -2*o + g = -5*q. What is the tens digit of o?
3
Let r(z) = -2 + 9 + 3*z**2 - 49*z + 0 - 2. What is the tens digit of r(19)?
5
Suppose -8*v + 2 = 34. What is the units digit of -4 - (v/14 + 9558/(-63))?
8
Let i = -13 + 18. Suppose -i*r + 6*r - 159 = 0. What is the hundreds digit of r?
1
Let l = -283 + 926. Let w = l - 385. What is the units digit of w?
8
Suppose -4*z + 5 = 3*l, 60 - 20 = 4*z - 4*l. Let m(g) = -z - 2*g - g**2 + 1 - 1 - 7*g. What is the units digit of m(-8)?
3
What is the units digit of 8/5*30/12 + 1217?
1
Suppose -5*o + 32 = 2. Suppose -8*u + 120 = -o*u. What is the units digit of u?
0
Let c(j) = 85*j**3 + 2*j**2 - 2*j + 2. Let z be c(1). What is the tens digit of 11542/z + (-2)/(-6)?
3
Suppose -4*z - 4*s = -356, -7*s + 94 = z - 5*s. What is the units digit of z?
4
Suppose 2*h = 5*h + 60. What is the units digit of 16/h*(-190)/4?
8
Let g(d) = 4*d**2 - 2*d + 56. What is the units digit of g(-8)?
8
Let u(v) = -7*v - 4. Let z(k) = 15*k + 9. Let p be 1 - (-3)/(3 + 0). Let q(b) = p*z(b) + 5*u(b). What is the units digit of q(-2)?
8
Suppose 116 = -i + 687. What is the tens digit of i?
7
Let q(m) be the second derivative of 16*m**3/3 - 3*m**2 + 14*m. What is the tens digit of q(2)?
5
Let w(k) = 2*k**2 - 2*k - 1. Let u be w(-1). Let g(y) = -y**2 + 5*y - 2. Let v be g(u). Suppose 12 = v*o - 8. What is the units digit of o?
5
Let i = -15 + 17. Suppose -5*f - i*w = -126, 0*f = f - 4*w - 34. What is the tens digit of f?
2
Suppose 5*t = -5*h - 30, -t = 2*h + h + 20. What is the tens digit of (23 + -1)/(h - -8)?
2
Suppose 10*v = 11*v - 1008. Suppose v = -10*j + 19*j. What is the units digit of j?
2
What is the hundreds digit of 7 + 7/(14/1724)?
8
Suppose 2*k = z + 4832, -z + 4965 = 3*k - 2283. What is the thousands digit of k?
2
Let v(b) = 78*b - 4. Let t be v(1). Let j = t - 34. What is the units digit of j?
0
Let o be (-3 + 3)*(-1)/(-2). Suppose v - 2*u - 89 = 2*u, v - 3*u - 88 = o. What is the tens digit of v?
8
Suppose -4*t + 7*t - 740 = -5*q, -q + 246 = t. What is the tens digit of t?
4
Let i = -44 + 181. Suppose -6*k + 569 = i. Suppose -2*a - k = -7*a + n, -4*a + n = -58. What is the units digit of a?
4
Let j(r) = 10*r - 5. Let l be j(1). Suppose f - 868 = -5*n, l*n - 4*f = 419 + 434. What is the units digit of n?
3
Let n(g) = -7*g**3 - 3*g. Let d be n(-4). What is the hundreds digit of 3 - 0 - (-6)/(24/d)?
1
Let x be ((-167)/4 + 0)/(10/(-40)). Suppose 2*a + 5*b = -189 + 527, -2*b + x = a. What is the hundreds digit of a?
1
Let a(x) = -3*x + 12. Let c be a(-9). Let w be c - (-2 - (-3 + 0)). Suppose -3*v + 5*v - w = 0. What is the units digit of v?
9
Let t(a) = a**3 - 15*a**2 - 2*a + 29. Let w be t(15). Let g(k) = 17*k**2 - k + 19*k**2 + 2*k**2 + 1. What is the units digit of g(w)?
0
Let o be (-8)/3*(7 - 4). Let u(t) = -t**3 - 7*t**2 + 4*t - 6. Let j be u(o). Let r = 40 - j. What is the tens digit of r?
1
Let f be 498/15 - 1/5. Suppose 0 = 9*v - 14 - 13. Suppose 0*c = -2*c - z + 19, -v*z + f = 4*c. What is the tens digit of c?
1
Let k = 8 - 13. Let x = k - -6. What is the tens digit of (17/(-3))/(x/(-3))?
1
Suppose 0 = -654*c + 658*c - 20572. What is the units digit of c?
3
Suppose 3900 = -9*z + 975. Let h = 458 + z. What is the hundreds digit of h?
1
Let i(a) = -a**3 - 2*a**2 + 9. Let x be 6/(7/(42/(-9))). What is the units digit of i(x)?
1
Let r(m) = -3*m**2 + 1 + 4 - 5*m**3 + 4*m**3 + 3*m + m. Let l be r(-4). Suppose 0 = -0*x - l*x + 140. What is the units digit of x?
8
Let p(a) = -2*a + 31. Let h be p(-5). Let l = -13 + h. What is the tens digit of l?
2
Let d = 100 - 85. What is the tens digit of 159/4 - (360/32)/d?
3
Let h = 4 + -6. Let g = -49 + 48. What is the units digit of ((-354)/(-12))/(g/h)?
9
Let v be (2/(-1))/((-1)/8). Let o = v + -7. Let x(u) = -u**2 + 9*u + 8. What is the units digit of x(o)?
8
Let w(k) = 5*k**2 - 4*k + 3. Let d(h) = -h**2 - 1. Let b(g) = 6*d(g) + w(g). Let y be b(-2). Let n = 5 - y. What is the units digit of n?
4
Let z(h) = -3*h**3 - 16*h**2 + 6*h + 13. Suppose o = 2*v + 10 + 7, -29 = 5*v + 2*o. What is the hundreds digit of z(v)?
2
Let u(c) = c**3 - 20*c**2 - 2*c + 39. What is the units digit of u(21)?
8
What is the units digit of (-20085)/618*(124/(-1))/2?
5
What is the units digit of (495/2)/((-30)/(-80))?
0
Let w = 525 + -302. What is the units digit of w?
3
Suppose 36 = 4*j + 4*i, 5*j - 38 - 2 = -4*i. Let u be ((-8)/5)/(j/(-10)). Suppose 3*o + 2*l - 65 = u*l, -4*o = 4*l - 100. What is the tens digit of o?
2
Let o be (1437/9 - 3)/((-2)/(-6)). Suppose 2*z = o + 18. What is the tens digit of z?
4
Suppose -5*v = 4*w - 0*w - 863, 4*v - 864 = -4*w. What is the units digit of w?
7
Let n be -3 + (-12)/(-4) - -4. What is the tens digit of (6/n)/(3/82)?
4
Let j(r) = r**2 - 2*r + 3. Let s be j(3). Let y(u) = 12*u - 27. What is the tens digit of y(s)?
4
Suppose -2*c = 3*d - 1111 - 463, 0 = 2*c - 3*d - 1574. What is the hundreds digit of c?
7
Let r(t) = 2*t + 19. Let m = 18 + -18. Let c be (m*4/8)/(-2). What is the tens digit of r(c)?
1
Let n(h) be the first derivative of 3*h**4/2 - h**3/3 - 12*h - 7. Let m(r) be the first derivative of n(r). What is the tens digit of m(1)?
1
Suppose 0 = 4*x + 2*w - 10926, 5*x - 13675 = -4*w + 5*w. What is the thousands digit of x?
2
Let a = 5 + -2. Suppose a*k - 104 - 86 = h, k - 3*h - 58 = 0. What is the units digit of k?
4
Suppose 5*y - 343 - 512 = 0. Let p = y - 31. Suppose 4*h - p = h + 5*b, 5*b - 140 = -4*h. What is the tens digit of h?
4
Suppose 4*w + h - 3 = -0*h, 2*w - 3*h - 19 = 0. What is the units digit of 612/8 + 3/w?
8
Suppose -3*j = -3*p + 1077, j - 1092 = -3*p - j. What is the tens digit of p?
6
Let o = -3450 - -5860. What is the tens digit of o?
1
Let f(g) = -2*g**2 + g. Let r be f(0). Suppose 2*u + 496 + 672 = r. What is the tens digit of u/(-10) - (-16)/(-40)?
5
What is the hundreds digit of 4*((-39)/12 - -3) + 533?
5
Suppose 107*j - 272134 = 165924. What is the tens digit of j?
9
Suppose 3*i - 7053 = -2685. Let t be (9/6)/((-6)/i). What is the tens digit of t/(-16) - (-9)/(-12)?
2
Let z = 1822 - 445. What is the hundreds digit of z?
3
Suppose -7*m = 76 - 3478. What is the units digit of m?
6
Let i = 3518 - 2179. What is the units digit of i?
9
Let c(i) = -i + 1. Let g be c(0). What is the tens digit of 32 + 1 + (0 - (g - -1))?
3
Let o be ((-2)/10*4)/((-208)/(-520)). Let y(n) = -47*n - 29. Let x(f) = -31*f - 19. Let p(s) = 8*x(s) - 5*y(s). What is the units digit of p(o)?
9
Suppose -53825 = -9*b - 11138. What is the tens digit of b?
4
Let s(h) = 12 - 2*h**2 - 9 - 4*h + 0 + 11*h. What is the units digit of s(3)?
6
Let n be 2/(-4)*(-98 - 0). Let r = n + 11. What is the units digit of r?
0
Suppose 4*d - 67 = d + 2*w, -d - 5*w - 6 = 0. Suppose -4*a - 3 = -d. What is the units digit of (a/(-6))/((-22)/957)?
9
Let l = -19 - -24. Let t be ((-4)/l)/(4/(-20)). Let x(c) = 12*c - 8. What is the tens digit of x(t)?
4
Let l = 276 - 183. What is the units digit of l?
3
Let t = 1729 + -778. What is the units digit of t?
1
Suppose 5*o - 35*d - 2952 = -34*d, d - 588 = -o. What is the tens digit of o?
9
Suppose -2*s - 2*g = 1 + 19, s - 5*g = -16. Let l = s + 19. What is the units digit of l?
8
Let d = 574 + -193. What is the tens digit of d?
8
Suppose 0 = -v - 5, 0 = 5*k + 7*v - 2*v + 650. Let s = -11 - k. What is the hundreds digit of s?
1
Let q(t) = -2*t**3 + 47*t**2 - 41*t + 33. What is the tens digit of q(21)?
7
Let c(i) = i. Let r be c(-6). Let p(